 factors of 3302681343.
3, 13, 23, 251, 14669
List the prime factors of 142126823.
3253, 43691
List the prime factors of 164581745.
5, 32916349
List the prime factors of 33361456.
2, 31, 67261
What are the prime factors of 1335785260?
2, 5, 23, 151, 19231
List the prime factors of 2806293931.
7, 400899133
List the prime factors of 746573852.
2, 449, 415687
What are the prime factors of 775696274?
2, 387848137
List the prime factors of 64701511.
7, 241, 5479
List the prime factors of 1390759893.
3, 41, 1301, 2897
What are the prime factors of 61359508?
2, 7, 977, 2243
List the prime factors of 499563469.
823, 607003
What are the prime factors of 23034222?
2, 3, 1279679
What are the prime factors of 432819878?
2, 216409939
What are the prime factors of 4787987?
29, 165103
List the prime factors of 582992855.
5, 181, 644191
List the prime factors of 188023903.
659, 285317
What are the prime factors of 59755919?
199, 467, 643
List the prime factors of 2539132801.
17, 149360753
What are the prime factors of 319162067?
7, 45594581
What are the prime factors of 2943815008?
2, 19, 4841801
What are the prime factors of 2165179400?
2, 5, 691, 15667
What are the prime factors of 79136372?
2, 7, 403757
List the prime factors of 2493242531.
13, 191787887
What are the prime factors of 7914254?
2, 23, 172049
List the prime factors of 306187610.
2, 5, 47, 131, 4973
What are the prime factors of 415693118?
2, 773, 268883
What are the prime factors of 3349266121?
3349266121
List the prime factors of 1797793962.
2, 3, 17, 37, 476363
What are the prime factors of 533776080?
2, 3, 5, 619, 3593
What are the prime factors of 634027346?
2, 43, 7372411
What are the prime factors of 314833116?
2, 3, 13, 19, 106219
List the prime factors of 103490038.
2, 29, 61, 29251
What are the prime factors of 570265616?
2, 35641601
List the prime factors of 147289819.
17, 8664107
What are the prime factors of 24480314?
2, 12240157
What are the prime factors of 2025368629?
4973, 407273
What are the prime factors of 21860788?
2, 5465197
List the prime factors of 1051623657.
3, 7, 37, 97, 4651
What are the prime factors of 128035141?
13, 9848857
What are the prime factors of 421701410?
2, 5, 13, 509, 6373
What are the prime factors of 33386883?
3, 2399, 4639
What are the prime factors of 31928026?
2, 13, 1228001
List the prime factors of 12653438.
2, 7, 43, 21019
List the prime factors of 61123852.
2, 37, 257, 1607
List the prime factors of 19225305.
3, 5, 11, 38839
List the prime factors of 1236718088.
2, 313, 493897
List the prime factors of 99388093.
7, 43, 61, 5413
What are the prime factors of 584796?
2, 3, 48733
List the prime factors of 114424087.
2939, 38933
What are the prime factors of 3900196488?
2, 3, 47, 1427, 2423
What are the prime factors of 2540071165?
5, 12211, 41603
List the prime factors of 2956586922.
2, 3, 19, 8644991
List the prime factors of 30820574.
2, 1747, 8821
List the prime factors of 64792614.
2, 3, 61, 211, 839
List the prime factors of 51105314.
2, 13, 1129, 1741
What are the prime factors of 4202980032?
2, 3, 61, 358861
List the prime factors of 782300171.
19423, 40277
What are the prime factors of 65586114?
2, 3, 11, 30113
List the prime factors of 841770919.
11, 251, 304879
What are the prime factors of 610837239?
3, 47, 4332179
What are the prime factors of 832811396?
2, 887, 234727
What are the prime factors of 560005230?
2, 3, 5, 127, 146983
List the prime factors of 2530433336.
2, 8089, 39103
What are the prime factors of 104199352?
2, 13024919
List the prime factors of 912240596.
2, 31, 7356779
What are the prime factors of 32050797?
3, 17, 628447
List the prime factors of 175598624.
2, 5487457
What are the prime factors of 131797947?
3, 4457, 9857
List the prime factors of 168470895.
3, 5, 31, 362303
What are the prime factors of 482741729?
8681, 55609
What are the prime factors of 5212253081?
7, 8081, 92143
What are the prime factors of 1392908890?
2, 5, 43, 1187, 2729
List the prime factors of 1732862002.
2, 20533, 42197
List the prime factors of 228987681.
3, 13, 5871479
List the prime factors of 360755086.
2, 307, 587549
What are the prime factors of 386101067?
11, 853, 41149
What are the prime factors of 51183634?
2, 17, 5209
What are the prime factors of 314511783?
3, 1193, 87877
List the prime factors of 47185408.
2, 157, 587
List the prime factors of 178056190.
2, 5, 13, 557, 2459
List the prime factors of 3021347681.
11, 19, 14456209
List the prime factors of 31671119.
17, 19, 31, 3163
What are the prime factors of 163141631?
11527, 14153
List the prime factors of 8034703.
8034703
List the prime factors of 43597765.
5, 23, 367, 1033
What are the prime factors of 314978013?
3, 7, 4999651
What are the prime factors of 188103361?
23, 269, 30403
List the prime factors of 758107569.
3, 6863, 36821
What are the prime factors of 451165710?
2, 3, 5, 15038857
What are the prime factors of 74476949?
17, 349, 12553
List the prime factors of 208546530.
2, 3, 5, 6951551
What are the prime factors of 35722710?
2, 3, 5, 396919
What are the prime factors of 1176182380?
2, 5, 58809119
What are the prime factors of 633991671?
3, 53, 443041
List the prime factors of 56961533.
1471, 38723
What are the prime factors of 60123025?
5, 97, 24793
List the prime factors of 4014361138.
2, 2007180569
List the prime factors of 153768911.
153768911
List the prime factors of 168583645.
5, 17, 73, 101, 269
What are the prime factors of 69314663?
11, 23, 273971
What are the prime factors of 960019198?
2, 480009599
List the prime factors of 450456411.
3, 107, 137, 10243
List the prime factors of 3109535455.
5, 13, 541, 88427
List the prime factors of 46557802.
2, 23278901
What are the prime factors of 1106099656?
2, 1879, 73583
What are the prime factors of 1613259516?
2, 3, 11, 181, 67523
What are the prime factors of 16949934?
2, 3, 941663
List the prime factors of 22442349.
3, 7480783
List the prime factors of 574580447.
7, 2837, 28933
What are the prime factors of 851126657?
1511, 563287
What are the prime factors of 59344102?
2, 29672051
List the prime factors of 2875242.
2, 3, 347, 1381
List the prime factors of 131164144.
2, 19, 163, 2647
List the prime factors of 162434712.
2, 3, 11, 157, 3919
What are the prime factors of 3714734811?
3, 1163, 1064699
List the prime factors of 1295436.
2, 3, 41, 2633
What are the prime factors of 155887225?
5, 13, 67, 7159
List the prime factors of 7018847514.
2, 3, 7, 61, 130457
What are the prime factors of 7983503350?
2, 5, 109, 1464863
What are the prime factors of 453336823?
269, 1685267
What are the prime factors of 312369251?
409, 763739
List the prime factors of 1863776540.
2, 5, 47, 1982741
What are the prime factors of 76514120?
2, 5, 47, 40699
List the prime factors of 544040792.
2, 47, 1446917
What are the prime factors of 97238924?
2, 647, 37573
What are the prime factors of 460222130?
2, 5, 17, 41, 66029
List the prime factors of 121727603.
47, 109, 23761
What are the prime factors of 6371193?
3, 2123731
What are the prime factors of 32666258?
2, 41, 398369
List the prime factors of 1357096907.
19, 71426153
List the prime factors of 1331567183.
5281, 252143
What are the prime factors of 104045137?
7, 433, 34327
What are the prime factors of 182202034?
2, 7, 139, 93629
List the prime factors of 1006577958.
2, 3, 61, 2750213
List the prime factors of 155701361.
761, 204601
What are the prime factors of 14252186?
2, 13, 47, 107, 109
What are the prime factors of 621070576?
2, 7, 5545273
What are the prime factors of 422429955?
3, 5, 28161997
What are the prime factors of 881504902?
2, 31, 43, 71, 4657
What are the prime factors of 226625116?
2, 113, 501383
What are the prime factors of 175757491?
7, 13, 593, 3257
List the prime factors of 575256274.
2, 19, 31, 488333
List the prime factors of 17775265.
5, 3555053
What are the prime factors of 3004846760?
2, 5, 107, 702067
List the prime factors of 193043642.
2, 11, 797701
List the prime factors of 1532885552.
2, 11, 103, 84559
List the prime factors of 441917216.
2, 13, 23, 46187
What are the prime factors of 195620501?
1741, 112361
List the prime factors of 122126351.
17, 47, 353, 433
List the prime factors of 1520806.
2, 7, 23, 4723
List the prime factors of 3